 10*o**2 + 59*o**2 - 5*o + g*o**2 - 6*o**2. List the prime factors of z(-1).
2, 3
Suppose 5*d - 8 = -o - 0, 2*o - 3*d - 3 = 0. Suppose -o*p + 1 = -y, y + 5 = -2*p + 7*p. List the prime factors of (1*p)/((-24)/(-852)).
71
Suppose -72*g + 73764 = 19385 - 23741. List the prime factors of g.
5, 7, 31
Suppose 0*w + 5*w + 106233 = 6*n, -9 = 3*w. List the prime factors of n.
3, 7, 281
Suppose -u = -83 + 83. Suppose u = 4*r + 61 + 11. Let k = 80 + r. List the prime factors of k.
2, 31
Let k = 51 - 33. Let m be k/(((-15)/260)/(-1)). Suppose 15*l = 18*l - m. List the prime factors of l.
2, 13
Suppose i + 3*a = 7772, -i + a - 2517 + 10305 = 0. List the prime factors of i.
2, 7, 139
Let a(l) = 3*l**3 + 18*l**2 - 28*l - 8. Let d be a(8). Let t = -1417 + d. List the prime factors of t.
1039
Suppose 16*j - 21005 - 82179 = 0. What are the prime factors of j?
6449
Suppose -i = -0*p + p + 3, 5*i - 3*p = 17. Suppose y = -i + 3. List the prime factors of 48 + -2 - y*-2.
2, 5
Suppose 2*s = 5*v - 76147 - 13791, 6*v - 107949 = 5*s. List the prime factors of v.
2, 281
Suppose -11*d + 1251 = -2*d. Let q = 222 - d. What are the prime factors of q?
83
Suppose 587 + 2995 = -6*q. Let w = 878 + q. List the prime factors of w.
281
Suppose -4*a - 2032 + 197 = 3*s, -4*s - 20 = 0. List the prime factors of ((-2)/5)/(1/a).
2, 7, 13
Suppose 3*h = 5 - 5. Suppose 3*z + 4*a + 6 = h, 2*z - 14 = z + 4*a. Let s(j) = 35*j**2 + 4*j - 5. What are the prime factors of s(z)?
11, 13
Suppose 54*v - 18*v + 1080 = 0. What are the prime factors of 3*20/v - -1482?
2, 5, 37
Suppose 0 = 3482*v - 3471*v - 32428. What are the prime factors of v?
2, 11, 67
Let d = -646 - -596. What are the prime factors of (-10)/(-4)*(-21320)/d?
2, 13, 41
Let o(x) = 9*x**2 + 3*x + 1. Let f be o(-1). Let u(c) = -3*c + 23. Let d be u(f). List the prime factors of d*4/24*39.
13
Let b(t) = 35*t + 33*t - 24 + 30*t - 91*t. What are the prime factors of b(6)?
2, 3
Let q be 2/(-3) + (-40)/12*-5. Suppose q*r = 11*r. Let c = 35 - r. List the prime factors of c.
5, 7
Let x(v) = -6234*v**3 - 3*v**2 - v + 1. List the prime factors of x(-1).
23, 271
Suppose 0 = 202*l - 204*l + 3610. Let t = l + -933. List the prime factors of t.
2, 109
Suppose -3*y + 3655 = 17*y - 6145. What are the prime factors of y?
2, 5, 7
Let o = 17543 - 9112. What are the prime factors of o?
8431
Suppose 335*k - 1486656 + 229066 = 0. List the prime factors of k.
2, 1877
Suppose 43*l + 10*l - 828545 = 267919. What are the prime factors of l?
2, 3, 431
Let k be (-2)/(4/2)*-2. Let g be (408/(-4))/((-3)/4). Suppose 2*n + k*o - o = g, 0 = -2*n + 3*o + 136. List the prime factors of n.
2, 17
Let j be 0/(0/(-2) - -1). Suppose j = 12*z - 4*z. Let q = z - -11. What are the prime factors of q?
11
Let s = 9142 - 4722. List the prime factors of (s/(-30))/(2/(-3)).
13, 17
Suppose 2*n + 5*m = 32, 2*m + 38 = 2*n + 4*m. Suppose n*b = 25*b. Suppose -283 = -4*q + 3*a + 34, 5*q - 2*a - 398 = b. What are the prime factors of q?
2, 5
Suppose -z + 3*t - 8 = 5*t, 0 = z - 3*t - 12. Suppose d + 6*d + 1512 = z. Let b = 407 + d. What are the prime factors of b?
191
Suppose 28*a - 54 = 25*a. Let g be (-4 + 7)/(2/70). Let k = g - a. List the prime factors of k.
3, 29
Let x(h) = 5392*h**2 - 54*h - 94. List the prime factors of x(-2).
2, 3, 11, 109
Let p(k) = -3*k**3 + 108*k**2 + 17*k + 476. What are the prime factors of p(36)?
2, 17
Suppose 2*y = -207 - 47. Let d = 102 - -50. Let f = d + y. List the prime factors of f.
5
Suppose -95*d - 62*d = 37*d - 854764. What are the prime factors of d?
2, 2203
Let u = -101 + 100. List the prime factors of (-2 + 8)/(-6)*187/u.
11, 17
Let j = 18311 - 3963. List the prime factors of j.
2, 17, 211
Let k(q) = -7*q - 10. Let p be k(1). List the prime factors of (-1)/(14/(-8752)) + p/119.
5
Let f(k) = -2 + k**2 + 4*k + 3 - 9. Let t be f(-6). What are the prime factors of -1*(-6)/3*226/t?
113
Suppose 3*h + 5*n - 235 = 0, 5*h - 5*n = -2*n + 369. Suppose h*b = 84*b - 1791. List the prime factors of b.
199
Suppose -7*o + 1706048 = 57*o. What are the prime factors of o?
19, 23, 61
Suppose 4*n + 43*h - 16351 = 42*h, 0 = 5*n + h - 20439. List the prime factors of n.
2, 7, 73
Suppose 0 = 21*y - 11339 + 1385. List the prime factors of y.
2, 3, 79
Let j be 1*4 - (-7 - -2 - -6). Suppose -s = j*i - i - 5, -30 = -4*s + 2*i. Let o(h) = 3*h**2 + 7*h - 22. What are the prime factors of o(s)?
2, 3, 29
Let q be (7 - 639/(-1)) + 5. Suppose -k = 6*k - q. What are the prime factors of k?
3, 31
Suppose 17*o + 184 = 40*o. What are the prime factors of o/(-12) + 0 - (-16388)/12?
3, 5, 7, 13
Let m = 1 - 12. Let r = -1737 - -1833. Let h = m + r. List the prime factors of h.
5, 17
Let q be (30/(-5))/(-2) - 1. Suppose 2*k - z = 613, 0*k = q*k + z - 607. List the prime factors of k.
5, 61
Let r(d) = 2*d**2 + 14*d + 9. Let s be r(-9). Suppose -38 = z - 2*z. Let q = s + z. What are the prime factors of q?
83
Suppose 2*k = -5*x + 102, -2*k + 0*k = -3*x - 86. Let f = 63 - k. Suppose -f + 522 = 5*b. List the prime factors of b.
101
Let o(u) = -u**2 + 9*u + 16. Let z be o(9). Suppose 0 = 3*f + 3*h + 9, -h = -3*f + h + z. What are the prime factors of f - (1 - 288 - -5)?
2, 71
Suppose 0 = 95995*r - 96024*r + 1123170. What are the prime factors of r?
2, 3, 5, 1291
Let n(m) = -3*m**3 + 18*m**2 - 3*m - 10. List the prime factors of n(-14).
2, 11, 67
Let h = -13265 + 21632. What are the prime factors of h?
3, 2789
Let q = -2552 - -3672. List the prime factors of q.
2, 5, 7
Let v = -3055 - -4358. Suppose 5*o = i + v, o = 17*i - 13*i + 253. What are the prime factors of o?
3, 29
Suppose -4*l + 91290 = 3*r + 10852, 0 = 4*l - 8. List the prime factors of r.
2, 5, 7, 383
Suppose 109*p - 57205 - 1371509 = 46*p. List the prime factors of p.
2, 17, 23, 29
Let n = 436 + -291. Suppose -152*k + 1512 = -n*k. List the prime factors of k.
2, 3
Suppose 4*h + 2*c = 47286, 65*c - 66*c + 35466 = 3*h. List the prime factors of h.
3, 7, 563
Let c(n) = 6*n**2 - 5*n + 88. Let r be (-4)/60*-5 + (-23)/(-3). List the prime factors of c(r).
2, 3
Suppose -4 = 4*x - 0*x + 4*l, 0 = -3*x + 2*l + 17. Suppose 5*n - 3*y = 21, 0*y + 19 = x*n - 5*y. Suppose n*f = 10*f - 791. List the prime factors of f.
113
Suppose 26 - 10 = 4*x. Let u be x/(-30) - (-10941)/45. Let t = u + -59. List the prime factors of t.
2, 23
Let z be -2*((-26)/221 + (-42)/(-68)). What are the prime factors of -5 - 2/z - (-9 - 397)?
13, 31
Let m = -30918 + 34547. What are the prime factors of m?
19, 191
Let k(r) = -r - 1 + 7 + 6*r - 2*r. Let c be k(-5). List the prime factors of (-1 + (-21)/c)*(2 + 43).
2, 3, 5
Let u(t) = -442*t + 12. What are the prime factors of u(-43)?
2, 37, 257
List the prime factors of 1257 + 8 + -11 + 8.
2, 631
Let q = 1681 + -1086. Suppose -4*g + 0*o = 4*o - 2400, 4*o + q = g. What are the prime factors of g?
599
Let a be 44 + 24/6 + -4 + 1. List the prime factors of (-2)/15 - (-186)/a - -609.
613
Let y = 734 + -54. Let a = -293 + y. List the prime factors of a.
3, 43
Suppose 6*x - 8*x = -c + 108, -5*x + 2*c - 272 = 0. List the prime factors of x/6*-3*(-324)/(-42).
2, 3
Let w(m) = 28*m - 46*m - 1 - 11*m. Let s be w(-4). List the prime factors of 18/15*s/2.
3, 23
Let o(j) = -15*j + 10. Let h be o(4). Let c = h + 27. Let m = 115 + c. What are the prime factors of m?
2, 23
Suppose 1273 = 23*w - 2315. Suppose 7*j - 3075 + w = 0. What are the prime factors of j?
3, 139
Suppose 3*k + 9 = 309. Suppose -2*f + k = y, 0*y = 5*f - y - 257. List the prime factors of f.
3, 17
Suppose 120*q - 1913837 = 122*q - 229*q. List the prime factors of q.
8431
Let l = -14 - 17. Let j = l + 34. Suppose -c - j*h = -128, 3*c - 4*h - 420 = -h. List the prime factors of c.
137
Suppose 0 = -3*g - 3*t + 141, 4*t = -g + t + 55. Suppose -3*d + 7*d = 2*s - 520, 4*d - 3*s + 516 = 0. Let a = g - d. List the prime factors of a.
5, 7
Suppose 3*k + 9 = 0, 0*k - 5*k + 120 = 5*r. Suppose 369 = -g - r. List the prime factors of (0 - 1) + g/(-3).
131
Let j(r) = -3*r**2 - r + 926. Let i be j(0). Suppose 6*b = -i + 2246. List the prime factors of b.
2, 5, 11
Let v(f) = 22*f - 40. Let y be v(2). Suppose -480 = -y*m + 2548. List the prime factors of m.
757
What are the prime factors of 18*(-11)/(-594) + 47197 - (-5)/3?
3, 15733
Let u(a) = -4*a**3 - a. Let x be u(-1). Let i(h) 